{"id":1421,"date":"2020-11-04T02:48:09","date_gmt":"2020-11-04T02:48:09","guid":{"rendered":"http:\/\/insatsuya.jp\/?page_id=1421"},"modified":"2020-12-24T08:59:06","modified_gmt":"2020-12-24T08:59:06","slug":"sle-k","status":"publish","type":"page","link":"https:\/\/insatsuya.jp\/?page_id=1421","title":{"rendered":"SLE-K"},"content":{"rendered":"<h2>\u25a0SLE-K\u3000\u898f\u683c\u888b(\u30a8\u30d5\u30d4\u30b3\u30c1\u30e5\u30fc\u30d1)<\/h2>\n<p><a href=\"\/wp\/wp-content\/uploads\/2020\/11\/sle-k1.jpg\" rel=\"attachment wp-att-1423\"><img loading=\"lazy\" decoding=\"async\" class=\"alignnone size-medium wp-image-1423\" src=\"\/wp\/wp-content\/uploads\/2020\/11\/sle-k1-620x227.jpg\" alt=\"sle-k1\" width=\"620\" height=\"227\" srcset=\"https:\/\/insatsuya.jp\/wp\/wp-content\/uploads\/2020\/11\/sle-k1-620x227.jpg 620w, https:\/\/insatsuya.jp\/wp\/wp-content\/uploads\/2020\/11\/sle-k1-300x110.jpg 300w, https:\/\/insatsuya.jp\/wp\/wp-content\/uploads\/2020\/11\/sle-k1-768x281.jpg 768w, https:\/\/insatsuya.jp\/wp\/wp-content\/uploads\/2020\/11\/sle-k1-940x344.jpg 940w, https:\/\/insatsuya.jp\/wp\/wp-content\/uploads\/2020\/11\/sle-k1.jpg 1620w\" sizes=\"auto, (max-width: 620px) 100vw, 620px\" \/><\/a><\/p>\n<p><a href=\"\/wp\/wp-content\/uploads\/2020\/11\/sle-k2.jpg\" rel=\"attachment wp-att-1424\"><img loading=\"lazy\" decoding=\"async\" class=\"alignnone size-medium wp-image-1424\" src=\"\/wp\/wp-content\/uploads\/2020\/11\/sle-k2-620x315.jpg\" alt=\"sle-k2\" width=\"620\" height=\"315\" srcset=\"https:\/\/insatsuya.jp\/wp\/wp-content\/uploads\/2020\/11\/sle-k2-620x315.jpg 620w, https:\/\/insatsuya.jp\/wp\/wp-content\/uploads\/2020\/11\/sle-k2-300x153.jpg 300w, https:\/\/insatsuya.jp\/wp\/wp-content\/uploads\/2020\/11\/sle-k2-768x391.jpg 768w, https:\/\/insatsuya.jp\/wp\/wp-content\/uploads\/2020\/11\/sle-k2-940x478.jpg 940w, https:\/\/insatsuya.jp\/wp\/wp-content\/uploads\/2020\/11\/sle-k2.jpg 1250w\" sizes=\"auto, (max-width: 620px) 100vw, 620px\" \/><\/a><\/p>\n<p><a href=\"\/wp\/wp-content\/uploads\/2020\/11\/sle-k3.jpg\" rel=\"attachment wp-att-1425\"><img loading=\"lazy\" decoding=\"async\" class=\"alignnone size-medium wp-image-1425\" src=\"\/wp\/wp-content\/uploads\/2020\/11\/sle-k3-620x267.jpg\" alt=\"sle-k3\" width=\"620\" height=\"267\" srcset=\"https:\/\/insatsuya.jp\/wp\/wp-content\/uploads\/2020\/11\/sle-k3-620x267.jpg 620w, https:\/\/insatsuya.jp\/wp\/wp-content\/uploads\/2020\/11\/sle-k3-300x129.jpg 300w, https:\/\/insatsuya.jp\/wp\/wp-content\/uploads\/2020\/11\/sle-k3-768x331.jpg 768w, https:\/\/insatsuya.jp\/wp\/wp-content\/uploads\/2020\/11\/sle-k3-940x405.jpg 940w, https:\/\/insatsuya.jp\/wp\/wp-content\/uploads\/2020\/11\/sle-k3.jpg 1235w\" sizes=\"auto, (max-width: 620px) 100vw, 620px\" \/><\/a><\/p>\n<p><a href=\"\/wp\/wp-content\/uploads\/2020\/11\/sle-k4.jpg\" rel=\"attachment wp-att-1426\"><img loading=\"lazy\" decoding=\"async\" class=\"alignnone size-medium wp-image-1426\" src=\"\/wp\/wp-content\/uploads\/2020\/11\/sle-k4-620x332.jpg\" alt=\"sle-k4\" width=\"620\" height=\"332\" srcset=\"https:\/\/insatsuya.jp\/wp\/wp-content\/uploads\/2020\/11\/sle-k4-620x332.jpg 620w, https:\/\/insatsuya.jp\/wp\/wp-content\/uploads\/2020\/11\/sle-k4-300x160.jpg 300w, https:\/\/insatsuya.jp\/wp\/wp-content\/uploads\/2020\/11\/sle-k4-768x411.jpg 768w, https:\/\/insatsuya.jp\/wp\/wp-content\/uploads\/2020\/11\/sle-k4-940x503.jpg 940w, https:\/\/insatsuya.jp\/wp\/wp-content\/uploads\/2020\/11\/sle-k4.jpg 1673w\" sizes=\"auto, (max-width: 620px) 100vw, 620px\" \/><br \/>\n<\/a><a href=\"\/wp\/wp-content\/uploads\/2020\/11\/sle-k.jpg\" rel=\"attachment wp-att-1422\"><img loading=\"lazy\" decoding=\"async\" class=\"alignnone size-medium wp-image-1422\" src=\"\/wp\/wp-content\/uploads\/2020\/11\/sle-k-620x386.jpg\" alt=\"sle-k\" width=\"620\" height=\"386\" srcset=\"https:\/\/insatsuya.jp\/wp\/wp-content\/uploads\/2020\/11\/sle-k-620x386.jpg 620w, https:\/\/insatsuya.jp\/wp\/wp-content\/uploads\/2020\/11\/sle-k-300x187.jpg 300w, https:\/\/insatsuya.jp\/wp\/wp-content\/uploads\/2020\/11\/sle-k-768x478.jpg 768w, https:\/\/insatsuya.jp\/wp\/wp-content\/uploads\/2020\/11\/sle-k-940x585.jpg 940w, https:\/\/insatsuya.jp\/wp\/wp-content\/uploads\/2020\/11\/sle-k.jpg 1339w\" sizes=\"auto, (max-width: 620px) 100vw, 620px\" \/><\/a><\/p>\n<h3>\u25a0\u898f\u683c\u30b5\u30a4\u30ba<\/h3>\n<table>\n<tbody>\n<tr>\n<td>\u539a\u307f<\/td>\n<td>\u53f7\u6570<\/td>\n<td>\u30b5\u30a4\u30ba<\/td>\n<td>\u7a74<\/td>\n<td>\u91cd\u3055(g)<\/td>\n<td>\u5099\u8003<\/td>\n<\/tr>\n<tr>\n<td>#30<\/td>\n<td>SLE-K \u679d\u8c46<\/td>\n<td>160\u00d7190+30<\/td>\n<td>4H<\/td>\n<td>2.2<\/td>\n<td><\/td>\n<\/tr>\n<tr>\n<td>#20<\/td>\n<td>SLE-K 100\u00d7500<\/td>\n<td>100\u00d7500<\/td>\n<td>2H<\/td>\n<td>1.8<\/td>\n<td><\/td>\n<\/tr>\n<tr>\n<td>#20<\/td>\n<td>SLE-K 120\u00d7750<\/td>\n<td>120\u00d7750<\/td>\n<td>4H<\/td>\n<td>3.3<\/td>\n<td><\/td>\n<\/tr>\n<tr>\n<td>#20<\/td>\n<td>SLE-K 9\u53f7\u30ed\u30f3\u30b0<\/td>\n<td>150\u00d7340<\/td>\n<td>4H<\/td>\n<td>1.9<\/td>\n<td><\/td>\n<\/tr>\n<tr>\n<td>#20<\/td>\n<td>SLE-K 10\u53f7\u30ed\u30f3\u30b0<\/td>\n<td>180\u00d7300<\/td>\n<td>4H<\/td>\n<td>2.0<\/td>\n<td><\/td>\n<\/tr>\n<tr>\n<td>#20<\/td>\n<td>SLE-K 11\u53f7\u30ed\u30f3\u30b0<\/td>\n<td>200\u00d7340<\/td>\n<td>4H<\/td>\n<td>2.5<\/td>\n<td><\/td>\n<\/tr>\n<\/tbody>\n<\/table>\n<p>&nbsp;<\/p>\n<h2>\u25a0\u304a\u554f\u5408\u305b\u306f\u3053\u3061\u3089<\/h2>\n\n<div class=\"wpcf7 no-js\" id=\"wpcf7-f322-o1\" lang=\"ja\" dir=\"ltr\" data-wpcf7-id=\"322\">\n<div class=\"screen-reader-response\"><p role=\"status\" aria-live=\"polite\" aria-atomic=\"true\"><\/p> <ul><\/ul><\/div>\n<form action=\"\/index.php?rest_route=%2Fwp%2Fv2%2Fpages%2F1421#wpcf7-f322-o1\" method=\"post\" class=\"wpcf7-form init\" aria-label=\"\u30b3\u30f3\u30bf\u30af\u30c8\u30d5\u30a9\u30fc\u30e0\" enctype=\"multipart\/form-data\" novalidate=\"novalidate\" data-status=\"init\">\n<fieldset class=\"hidden-fields-container\"><input type=\"hidden\" name=\"_wpcf7\" value=\"322\" \/><input type=\"hidden\" name=\"_wpcf7_version\" value=\"6.1.5\" \/><input type=\"hidden\" name=\"_wpcf7_locale\" value=\"ja\" \/><input type=\"hidden\" name=\"_wpcf7_unit_tag\" value=\"wpcf7-f322-o1\" \/><input type=\"hidden\" name=\"_wpcf7_container_post\" value=\"0\" \/><input type=\"hidden\" name=\"_wpcf7_posted_data_hash\" value=\"\" \/>\n<\/fieldset>\n<p>\u304a\u540d\u524d (\u5fc5\u9808)\n<\/p>\n<p><span class=\"wpcf7-form-control-wrap\" data-name=\"your-name\"><input size=\"40\" maxlength=\"400\" class=\"wpcf7-form-control wpcf7-text wpcf7-validates-as-required\" aria-required=\"true\" aria-invalid=\"false\" value=\"\" type=\"text\" name=\"your-name\" \/><\/span>\n<\/p>\n<p>\u30e1\u30fc\u30eb\u30a2\u30c9\u30ec\u30b9 (\u5fc5\u9808)\n<\/p>\n<p><span class=\"wpcf7-form-control-wrap\" data-name=\"your-email\"><input size=\"40\" maxlength=\"400\" class=\"wpcf7-form-control wpcf7-email wpcf7-validates-as-required wpcf7-text wpcf7-validates-as-email\" aria-required=\"true\" aria-invalid=\"false\" value=\"\" type=\"email\" name=\"your-email\" \/><\/span>\n<\/p>\n<p>\u96fb\u8a71\u756a\u53f7(\u5fc5\u9808)\n<\/p>\n<p><span class=\"wpcf7-form-control-wrap\" data-name=\"tel-569\"><input size=\"40\" maxlength=\"13\" minlength=\"10\" class=\"wpcf7-form-control wpcf7-tel wpcf7-validates-as-required wpcf7-text wpcf7-validates-as-tel\" aria-required=\"true\" aria-invalid=\"false\" value=\"\" type=\"tel\" name=\"tel-569\" \/><\/span>\n<\/p>\n<p>\u984c\u540d(\u5fc5\u9808)\n<\/p>\n<p><span class=\"wpcf7-form-control-wrap\" data-name=\"your-subject\"><input size=\"40\" maxlength=\"400\" class=\"wpcf7-form-control wpcf7-text wpcf7-validates-as-required\" aria-required=\"true\" aria-invalid=\"false\" value=\"\" type=\"text\" name=\"your-subject\" \/><\/span>\n<\/p>\n<p>\u30e1\u30c3\u30bb\u30fc\u30b8\u672c\u6587\n<\/p>\n<p><span class=\"wpcf7-form-control-wrap\" data-name=\"your-message\"><textarea cols=\"40\" rows=\"10\" maxlength=\"2000\" class=\"wpcf7-form-control wpcf7-textarea\" aria-invalid=\"false\" name=\"your-message\"><\/textarea><\/span>\n<\/p>\n<p>\u6dfb\u4ed8\u30d5\u30a1\u30a4\u30eb(10MB\u307e\u3067)\n<\/p>\n<p><span class=\"wpcf7-form-control-wrap\" data-name=\"your-file\"><input size=\"40\" class=\"wpcf7-form-control wpcf7-file\" accept=\".pdf,.txt,.jpg,.png,.gif\" aria-invalid=\"false\" type=\"file\" name=\"your-file\" \/><\/span>\n<\/p>\n<p><input class=\"wpcf7-form-control wpcf7-submit has-spinner\" type=\"submit\" value=\"\u9001\u4fe1\" \/>\n<\/p>\n<p>\u203b\u55b6\u696d\u30e1\u30fc\u30eb\u7b49\u306f\u8fd4\u4fe1\u3044\u305f\u3057\u307e\u305b\u3093\u306e\u3067\u3054\u4e86\u627f\u4e0b\u3055\u3044\u3002\n<\/p><div class=\"wpcf7-response-output\" aria-hidden=\"true\"><\/div>\n<\/form>\n<\/div>\n\n","protected":false},"excerpt":{"rendered":"<p>\u25a0SLE-K\u3000\u898f\u683c\u888b(\u30a8\u30d5\u30d4\u30b3\u30c1\u30e5\u30fc\u30d1) \u25a0\u898f\u683c\u30b5\u30a4\u30ba \u539a\u307f \u53f7\u6570 \u30b5\u30a4\u30ba \u7a74 \u91cd\u3055(g) \u5099\u8003 #30 SLE-K \u679d\u8c46 160\u00d7190+30 4H 2.2 #20 SLE-K 100\u00d7500 100\u00d7500 2H 1<br \/><a class=\"moretag\" href=\"https:\/\/insatsuya.jp\/?page_id=1421\">+ Read More<\/a><\/p>\n","protected":false},"author":1,"featured_media":0,"parent":0,"menu_order":0,"comment_status":"closed","ping_status":"closed","template":"","meta":{"footnotes":""},"class_list":["post-1421","page","type-page","status-publish","hentry"],"aioseo_notices":[],"_links":{"self":[{"href":"https:\/\/insatsuya.jp\/index.php?rest_route=\/wp\/v2\/pages\/1421","targetHints":{"allow":["GET"]}}],"collection":[{"href":"https:\/\/insatsuya.jp\/index.php?rest_route=\/wp\/v2\/pages"}],"about":[{"href":"https:\/\/insatsuya.jp\/index.php?rest_route=\/wp\/v2\/types\/page"}],"author":[{"embeddable":true,"href":"https:\/\/insatsuya.jp\/index.php?rest_route=\/wp\/v2\/users\/1"}],"replies":[{"embeddable":true,"href":"https:\/\/insatsuya.jp\/index.php?rest_route=%2Fwp%2Fv2%2Fcomments&post=1421"}],"version-history":[{"count":6,"href":"https:\/\/insatsuya.jp\/index.php?rest_route=\/wp\/v2\/pages\/1421\/revisions"}],"predecessor-version":[{"id":1775,"href":"https:\/\/insatsuya.jp\/index.php?rest_route=\/wp\/v2\/pages\/1421\/revisions\/1775"}],"wp:attachment":[{"href":"https:\/\/insatsuya.jp\/index.php?rest_route=%2Fwp%2Fv2%2Fmedia&parent=1421"}],"curies":[{"name":"wp","href":"https:\/\/api.w.org\/{rel}","templated":true}]}}